{"version":"1.0","provider_name":"Museo Storico e Il Parco del Castello di Miramare","provider_url":"https:\/\/miramare.cultura.gov.it\/de\/","title":"PARLAMIRAMARE | Museo Storico e Il Parco del Castello di Miramare","type":"rich","width":600,"height":338,"html":"<blockquote class=\"wp-embedded-content\" data-secret=\"h0fTBAzHpk\"><a href=\"https:\/\/miramare.cultura.gov.it\/de\/events\/parlami-miramare\/\">PARLAMIRAMARE<\/a><\/blockquote><iframe sandbox=\"allow-scripts\" security=\"restricted\" src=\"https:\/\/miramare.cultura.gov.it\/de\/events\/parlami-miramare\/embed\/#?secret=h0fTBAzHpk\" width=\"600\" height=\"338\" title=\"&#8222;PARLAMIRAMARE&#8220; &#8211; Museo Storico e Il Parco del Castello di Miramare\" data-secret=\"h0fTBAzHpk\" frameborder=\"0\" marginwidth=\"0\" marginheight=\"0\" scrolling=\"no\" class=\"wp-embedded-content\"><\/iframe><script type=\"text\/javascript\">\n\/* <![CDATA[ *\/\n\/*! This file is auto-generated *\/\n!function(d,l){\"use strict\";l.querySelector&&d.addEventListener&&\"undefined\"!=typeof URL&&(d.wp=d.wp||{},d.wp.receiveEmbedMessage||(d.wp.receiveEmbedMessage=function(e){var t=e.data;if((t||t.secret||t.message||t.value)&&!\/[^a-zA-Z0-9]\/.test(t.secret)){for(var s,r,n,a=l.querySelectorAll('iframe[data-secret=\"'+t.secret+'\"]'),o=l.querySelectorAll('blockquote[data-secret=\"'+t.secret+'\"]'),c=new RegExp(\"^https?:$\",\"i\"),i=0;i<o.length;i++)o[i].style.display=\"none\";for(i=0;i<a.length;i++)s=a[i],e.source===s.contentWindow&&(s.removeAttribute(\"style\"),\"height\"===t.message?(1e3<(r=parseInt(t.value,10))?r=1e3:~~r<200&&(r=200),s.height=r):\"link\"===t.message&&(r=new URL(s.getAttribute(\"src\")),n=new URL(t.value),c.test(n.protocol))&&n.host===r.host&&l.activeElement===s&&(d.top.location.href=t.value))}},d.addEventListener(\"message\",d.wp.receiveEmbedMessage,!1),l.addEventListener(\"DOMContentLoaded\",function(){for(var e,t,s=l.querySelectorAll(\"iframe.wp-embedded-content\"),r=0;r<s.length;r++)(t=(e=s[r]).getAttribute(\"data-secret\"))||(t=Math.random().toString(36).substring(2,12),e.src+=\"#?secret=\"+t,e.setAttribute(\"data-secret\",t)),e.contentWindow.postMessage({message:\"ready\",secret:t},\"*\")},!1)))}(window,document);\n\/\/# sourceURL=https:\/\/miramare.cultura.gov.it\/wp-includes\/js\/wp-embed.min.js\n\/* ]]> *\/\n<\/script>\n","thumbnail_url":"https:\/\/miramare.cultura.gov.it\/wp-content\/uploads\/2023\/07\/CastelloMare5-scaled.jpg","thumbnail_width":2560,"thumbnail_height":1440,"description":"Anl\u00e4sslich des Europatages, am Freitag, den 10. Mai 2024, finden F\u00fchrungen im Park von Miramare\u00a0 durch die Sch\u00fcler des Liceo Pre\u0161eren und des EUROPE DIRECT Zentrums von Triest statt. Die F\u00fchrungen finden auf Italienisch, Slowenisch Englisch und Deutsch zu folgenden Zeiten statt 9.30 Uhr in slowenischer Sprache 10.00 Uhr italienische Sprache 10.30 Uhr englische Sprache [&hellip;]"}

Anlässlich des Europatages, am Freitag, den 10. Mai 2024, finden Führungen im Park von Miramare  durch die Schüler des Liceo Prešeren und des EUROPE DIRECT Zentrums von Triest statt. Die Führungen finden auf Italienisch, Slowenisch Englisch und Deutsch zu folgenden Zeiten statt 9.30 Uhr in slowenischer Sprache 10.00 Uhr italienische Sprache 10.30 Uhr englische Sprache [&hellip;]
